se
Suppose -n + 2*n = 294. Suppose -107 = -u - p + 193, -n = -u + 2*p. Suppose -117 = -5*d + u. Is d a composite number?
False
Suppose 17 = g + 7. Is 15/g + 9742/4 composite?
False
Let v(t) = -t**2 - 15*t - 24. Let z be v(-13). Suppose 0 = y - z*o - 3827, 0 = 2*y + 2*y + 5*o - 15269. Is y composite?
False
Let w = 6799 - 4080. Let i = w + 165. Suppose 4*l - i = -0*l. Is l prime?
False
Suppose m = 22*j - 17*j + 152, 4*j + 153 = m. Is m prime?
True
Suppose 5*n - 1 = -6. Let b(k) = -4420*k**3 + 2*k**2 + 3*k + 2. Is b(n) composite?
False
Suppose 3*u - 44380 + 9183 = c, -23478 = -2*u + 4*c. Is u a prime number?
True
Let x(v) = v**3 - 5*v**2 - 8*v + 15. Let c be x(6). Is (0 + -2 + 9/c)*1195 prime?
False
Let i(q) = -1029*q + 193. Is i(-4) a prime number?
False
Let r = -312 - -1058. Let j = -301 + r. Suppose -a = j - 2118. Is a a prime number?
False
Is (-29)/((-145)/75500) - 9 composite?
False
Is 35/14*2 - -4543 - 1 prime?
True
Let i be -2*(-1786)/12 - 1/(-3). Suppose 0 = w - 3*b - i, 5*w - 1529 = -2*b + 4*b. Is w prime?
True
Suppose 1902 = 32*a - 31*a. Suppose -5*d - d + a = 0. Is d a prime number?
True
Let v(n) = -361*n**2 + 3*n - 2. Let x be v(1). Let b = x - -929. Suppose 4*z - 5*j + b = 2134, -2*z + 3*j + 781 = 0. Is z composite?
True
Let q(j) = 5556*j**3 - j + 2. Is q(1) composite?
False
Suppose -16 = 2*u + 2*h - 38, 0 = u + 2*h - 15. Is (-5360)/(-14) + 1/u prime?
True
Suppose 8 = 4*p - 2*p. Let w be -1*(-5 - 1 - -1). Suppose w*s - 165 - p = -3*l, -2*l + 66 = 2*s. Is s a composite number?
True
Let b be (-1 - 0)*(9 + 1250). Let f = -878 - b. Is f a prime number?
False
Let j = 44335 - 1638. Is j composite?
False
Is (-19841)/(-2)*(9 - -5)/7 a composite number?
False
Let f(j) = -j**3 - 3*j**2 + j. Let a be f(-3). Let o be (-197 + 2)*(a + 2). Suppose -z + v = -v - o, 0 = 5*z + 4*v - 947. Is z composite?
False
Let o be (-3 - -1)*6/(-3). Suppose -194 = o*q - 5*q. Is q prime?
False
Let k(v) = 7 - 11 - 59*v + 3. Let b be k(1). Let q = b - -109. Is q a composite number?
True
Suppose -2*k - u + 2 = 0, 0*k + 5*k - 5*u - 20 = 0. Suppose -k*t + 3580 = 2*t. Is t a prime number?
False
Let g(j) = 7516*j**2 + 210*j + 9. Is g(-5) a prime number?
True
Let h = -1940 - -4169. Let z = 122 + h. Is z a composite number?
False
Let g be 11/(-10) - (-3)/30. Let b(z) = -1625*z - 2. Is b(g) prime?
False
Let q be 7 + (1 - 4) + -2. Is 6484/q*2/4 prime?
True
Let a(j) = -j**2 + 8*j - 4. Suppose 3*i = -5*p + 32, -4*p = -2*p + 3*i - 11. Let v be a(p). Suppose -v*y - 2*y + 1535 = 0. Is y a prime number?
True
Let s(m) = 217*m**2 + m + 8. Let b(p) = 218*p**2 + p + 7. Let d(z) = 5*b(z) - 4*s(z). Is d(-2) a composite number?
True
Let y = 72348 + 55939. Is y a prime number?
True
Suppose -4*j + 158 = -0*w + 2*w, 5*w = 5*j - 190. Let v = j + -43. Is (-507)/v - 3/(-12) a prime number?
True
Let k = -23 - -44. Let w = -19 + k. Suppose -r - 53 = -w*r. Is r prime?
True
Let p = -1002 + 21595. Is p prime?
True
Let u(b) = 19*b**2 + 7*b + 27. Is u(-3) composite?
True
Suppose 16135 = 8*o - 3*o. Is o a composite number?
True
Suppose -59647 = -7*c + 21546. Suppose -13*f = -20*f + c. Is f composite?
False
Let m(f) = -154*f - 19. Let x(a) = -154*a - 19. Let w(g) = 6*m(g) - 5*x(g). Let r be 10*((-112)/(-20))/(-7). Is w(r) a composite number?
False
Suppose 4*a + 10926 = 13*a. Is a prime?
False
Suppose -w - 7 = -5*b, -4*b + 11 = 3*w - 2*w. Suppose b*g = -x - g + 4, 5*g + 28 = x. Is x composite?
False
Let b = 27279 - 16662. Is b prime?
False
Let n = 108 - 60. Let u be (1*97)/(4/n). Suppose 2*i = 6*i - u. Is i composite?
True
Let w be (3/(-6) - 0)*-4. Let m = 77 + w. Let y = m + 3. Is y a composite number?
True
Is (1 + 4660 + 5)/2 a composite number?
False
Let d be (-8)/44 + 6/33. Suppose 5*u - 4*u - 15 = 0. Suppose -3*i + 2*o - 5 = -140, d = 5*o - u. Is i a prime number?
True
Suppose 72*z + 65*z - 2675747 = 0. Is z a composite number?
False
Let n = -28 - -40. Is 464 - (3 + n)/(-5) a composite number?
False
Let p = 1941 + -1302. Suppose 3*g - p = -6*g. Is g a prime number?
True
Suppose -l = -4*d + 5*d + 311, -898 = 3*l - 4*d. Let p = 53 - l. Is p composite?
False
Is 28/(-21) + 6196/12 prime?
False
Suppose 0 = -1982*o + 1978*o + 150828. Is o a composite number?
True
Suppose -q - 5*h + 16517 = -17247, 2*q = 5*h + 67573. Is q composite?
True
Let w(v) = v + 4. Let a be w(-2). Suppose 4 = h, 0 = -a*y - h + 2*h + 2. Suppose -3*x + 2*f = -887, -y*x + 4*f = 3*f - 883. Is x a composite number?
False
Let n = 27 + -8. Let b = -5 + n. Suppose b = 2*t - 8. Is t composite?
False
Suppose 350 = 4*g - 0*r + 3*r, 2*g - r - 170 = 0. Suppose n - 101 = -2*o + 2*n, n + 199 = 4*o. Let q = g - o. Is q composite?
False
Is 0/(7 + 1) + 2 + 584 a composite number?
True
Let t(l) be the third derivative of 7/24*l**4 - 4*l**2 + 0*l - 1/20*l**5 + 0 + 4/3*l**3 - 1/120*l**6. Is t(-7) prime?
False
Let p(c) = -c**2 - 5*c - 2. Let b be p(-3). Suppose -b*z - 4*f + 12 = z, 2*z + 4*f = 0. Suppose z*u - 124 = -0*u. Is u prime?
True
Let v = -40 + 39. Suppose 3*j - 2*g = 1341, 2*j = 5*j - g - 1341. Is v/(0 - 3/j) composite?
False
Let c(d) = -d + 12. Let m be c(8). Suppose m*r - r = -3*a + 6, -a - 8 = -4*r. Suppose -3*j + 3740 = -a*j + 5*l, 4*j + l - 5015 = 0. Is j composite?
True
Suppose -37515 = -12*v + 62937. Is v a composite number?
True
Let l = -186 - -498. Let r = -214 - -33. Let u = r + l. Is u a prime number?
True
Let d(k) = 7*k + 57. Let s be d(-9). Is (1*-1)/(s + (-1505)/(-251)) a prime number?
True
Let x(n) = n**3 + 8*n**2 - 2*n + 1. Let q be x(-10). Let g(j) = -42*j + 2. Let m be g(3). Let k = m - q. Is k composite?
True
Suppose 0 = 16*y - 10*y - 6162. Is y composite?
True
Suppose 6*j - 59485 = 51389. Is j composite?
True
Let u(a) = a**2 - 4*a + 1. Let f be u(6). Let r(d) = 27 + 28 - 58 + 62*d. Is r(f) a prime number?
False
Suppose 5*u + 46 = -3*q, -4*q = -q + u + 26. Let j be 3/7 - (-38)/q. Is (1 + 421)*j/(-10) prime?
True
Let w(f) = 146*f**2 - 8*f + 19. Is w(-6) prime?
True
Suppose 3*a - 5321 = n + 4394, n - 9713 = -3*a. Is a a prime number?
False
Let d(w) = w**3 + 6*w**2 + 8. Let t be d(-6). Let p be -3*t/60*10. Let z(m) = 4*m**2 + m - 5. Is z(p) composite?
True
Let o(c) = -c**2 - c + 127. Suppose 4*u = u. Let i be o(u). Is (8/(-4)*i)/(-2) prime?
True
Suppose -2*q + 53 = -39. Suppose 0 = -0*k + 4*k - 516. Let h = k - q. Is h prime?
True
Suppose 2*g - g = -343. Let h = g - -850. Suppose 5*f - 598 = h. Is f a composite number?
True
Is (26/(-52))/(106020/(-26504) - -4) composite?
False
Suppose -5 = -2*n + 3. Let a be (1/n)/(4/48). Is 2008/(-12)*a/(-2) a prime number?
True
Suppose 2*u - 2*k - 7426 = 0, -u + 5*k + 5948 = 2219. Is u composite?
False
Let n(q) = -182*q**3 - 4*q**2 + 6*q + 21. Is n(-4) composite?
True
Suppose -4*o + 169993 = 3*j, 16*j - 2*o = 18*j - 113326. Is j a composite number?
False
Suppose -21489 = -34*c + 16285. Is c composite?
True
Let d be 6/(-33) - 1800/22. Let p = 129 - d. Is p a composite number?
False
Let k(p) = -p**3 - p**2 - 1. Let z(c) = 40*c**3 + 11*c**2 - 8*c + 1. Let w(h) = 5*k(h) + z(h). Is w(3) a prime number?
True
Suppose 2756 = 2*u - 4*z, -u + z = 2*u - 4124. Suppose 2*h - 1193 = -5*t, -5*t + u = -5*h + 209. Is t a composite number?
True
Suppose -4*w + 12 = -8, -5*w = 4*l + 619. Let u = l - -313. Let q = u - 9. Is q a composite number?
True
Let n(j) = -101*j + 13. Let w(d) = -101*d + 11. Let s(m) = -2*n(m) + 3*w(m). Let a(x) = x**3 + 9*x**2 - 11*x - 14. Let p be a(-10). Is s(p) prime?
False
Suppose -3*z = -24 - 3. Let c be 228/54 + (-2)/z. Suppose -c*a = -57 - 251. Is a a composite number?
True
Suppose 5*p + 0*p = -3*r + 65899, -5*p = -3*r + 65879. Is r a composite number?
True
Let g(p) = p**3 - 10*p**2 + 5*p + 19. Let u be g(9). Let m = 11 + u. Let o = m - -21. Is o prime?
False
Let j(v) = v**2 - 1. Let t(f) = 5*f**3 + 10*f**2 + 4*f - 6. Let h(w) = 2*j(w) - t(w). Let k = -6 + 1. Is h(k) a prime number?
True
Let t(r) = 9527*r**3 + 2*r**2 - 7*r + 5. Is t(1) a composite number?
True
Let u(j) = 4*j - 13. Let o be u(7). Suppose -2*d = -6*d + 3*h + o, -2*h = -4*d + 14. Suppose 11 = -d*k + 80. Is k composite?
False
Let o be -2*(1 - -55)/(-2). Let s = 144 - o. Suppose s = -j + 405. Is j composite?
False
Let o(k) = k. Let g be o(5). Let p(d) = d**3 + 36*d**2 - 37*d + 87. Let b be p(-36). Suppose -b = -g*t - 9